it of 615769222?
6
What is the hundred millions digit of 1443251858?
4
What is the millions digit of 585394651?
5
What is the hundred thousands digit of 80325982?
3
What is the hundred millions digit of 301464989?
3
What is the ten thousands digit of 212308577?
0
What is the thousands digit of 556413502?
3
What is the ten millions digit of 1843467144?
4
What is the billions digit of 3414555639?
3
What is the ten millions digit of 46562249?
4
What is the hundreds digit of 914216?
2
What is the hundred millions digit of 567569294?
5
What is the millions digit of 136509270?
6
What is the tens digit of 44739163?
6
What is the tens digit of 4693654?
5
What is the hundreds digit of 112431839?
8
What is the tens digit of 366874820?
2
What is the ten millions digit of 106041548?
0
What is the hundred thousands digit of 257953638?
9
What is the millions digit of 324668836?
4
What is the millions digit of 346589374?
6
What is the ten millions digit of 264720850?
6
What is the ten millions digit of 21761370?
2
What is the hundred thousands digit of 1354372481?
3
What is the units digit of 519864556?
6
What is the hundred thousands digit of 3404707377?
7
What is the tens digit of 349183210?
1
What is the ten thousands digit of 408757138?
5
What is the hundred thousands digit of 119338571?
3
What is the hundred thousands digit of 107850624?
8
What is the hundreds digit of 1406419859?
8
What is the thousands digit of 635435773?
5
What is the ten thousands digit of 5744108?
4
What is the millions digit of 4667065766?
7
What is the tens digit of 54350003?
0
What is the ten millions digit of 48827603?
4
What is the hundred thousands digit of 107117724?
1
What is the hundred thousands digit of 460467224?
4
What is the ten millions digit of 959114900?
5
What is the hundred thousands digit of 31365947?
3
What is the ten millions digit of 436944142?
3
What is the millions digit of 728994809?
8
What is the tens digit of 66563748?
4
What is the tens digit of 386989393?
9
What is the hundreds digit of 66298966?
9
What is the ten millions digit of 56739368?
5
What is the hundreds digit of 21620228?
2
What is the hundred thousands digit of 2368660037?
6
What is the millions digit of 26956919?
6
What is the ten thousands digit of 3292465757?
6
What is the thousands digit of 317136717?
6
What is the millions digit of 11298924?
1
What is the hundred millions digit of 102787130?
1
What is the thousands digit of 799069597?
9
What is the tens digit of 238247624?
2
What is the millions digit of 402457640?
2
What is the tens digit of 4833874326?
2
What is the millions digit of 190990849?
0
What is the hundreds digit of 2903395622?
6
What is the units digit of 2241970606?
6
What is the millions digit of 9880802?
9
What is the millions digit of 26268375?
6
What is the millions digit of 1285603548?
5
What is the hundreds digit of 63564397?
3
What is the ten millions digit of 72031842?
7
What is the tens digit of 1329489088?
8
What is the hundreds digit of 135150298?
2
What is the millions digit of 124278181?
4
What is the ten millions digit of 70413893?
7
What is the ten thousands digit of 425263483?
6
What is the thousands digit of 23607444?
7
What is the ten millions digit of 30632199?
3
What is the millions digit of 57608262?
7
What is the tens digit of 1963407591?
9
What is the ten millions digit of 35700958?
3
What is the billions digit of 1044500566?
1
What is the units digit of 31591635?
5
What is the tens digit of 323611251?
5
What is the tens digit of 2093581480?
8
What is the units digit of 727925553?
3
What is the ten millions digit of 52321751?
5
What is the tens digit of 10015456?
5
What is the units digit of 70612592?
2
What is the ten thousands digit of 56475343?
7
What is the millions digit of 57007384?
7
What is the hundreds digit of 403904739?
7
What is the millions digit of 1195557021?
5
What is the ten millions digit of 24729381?
2
What is the ten millions digit of 139985342?
3
What is the hundred thousands digit of 438775865?
7
What is the hundred thousands digit of 5483416?
4
What is the ten thousands digit of 3137065?
3
What is the thousands digit of 315541602?
1
What is the hundreds digit of 68477902?
9
What is the thousands digit of 112229379?
9
What is the hundred millions digit of 428630560?
4
What is the millions digit of 3554297934?
4
What is the thousands digit of 33886288?
6
What is the ten millions digit of 31826156?
3
What is the thousands digit of 176316540?
6
What is the hundred thousands digit of 5361500?
3
What is the hundred millions digit of 592153436?
5
What is the ten thousands digit of 514454671?
5
What is the units digit of 240260104?
4
What is the units digit of 71571549?
9
What is the units digit of 19507391?
1
What is the ten millions digit of 24517960?
2
What is the millions digit of 147167687?
7
What is the hundreds digit of 488611690?
6
What is the hundred thousands digit of 52918430?
9
What is the tens digit of 4781875?
7
What is the millions digit of 1536588086?
6
What is the millions digit of 219767543?
9
What is the units digit of 20028491?
1
What is the ten millions digit of 1843732539?
4
What is the ten thousands digit of 5446374158?
7
What is the hundred thousands digit of 324045500?
0
What is the hundred thousands digit of 93647905?
6
What is the ten thousands digit of 149352183?
5
What is the hundred millions digit of 121319468?
1
What is the billions digit of 1739406035?
1
What is the thousands digit of 168330216?
0
What is the thousands digit of 359675981?
5
What is the ten thousands digit of 99357076?
5
What is the ten thousands digit of 693809757?
0
What is the hundred millions digit of 108690738?
1
What is the hundreds digit of 4976074671?
6
What is the ten millions digit of 351865371?
5
What is the hundred thousands digit of 384780938?
7
What is the millions digit of 18284234?
8
What is the millions digit of 277823213?
7
What is the hundred millions digit of 468846442?
4
What is the ten thousands digit of 2626268307?
6
What is the tens digit of 944388210?
1
What is the units digit of 99277564?
4
What is the hundred millions digit of 163730636?
1
What is the thousands digit of 149291948?
1
What is the hundred millions digit of 126986867?
1
What is the units digit of 38982192?
2
What is the units digit of 25291067?
7
What is the tens digit of 823656803?
0
What is the tens digit of 170777718?
1
What is the ten millions digit of 4353730072?
5
What is the hundred thousands digit of 12419810?
4
What is the hundreds digit of 125944752?
7
What is the hundred millions digit of 317064424?
3
What is the hundred millions digit of 300963786?
3
What is the units digit of 596633153?
3
What is the ten millions digit of 29265303?
2
What is the hundred millions digit of 348028832?
3
What is the tens digit of 1075307341?
4
What is the thousands digit of 172110552?
0
What is the millions digit of 749006302?
9
What is the hundred millions digit of 400970435?
4
What is the tens digit of 58231?
3
What is the thousands digit of 20488557?
8
What is the thousands digit of 104881241?
1
What is the hundred thousands digit of 3741013?
7
What is the ten millions digit of 25731943?
2
What is the tens digit of 10404904?
0
What is the hundreds digit of 743669727?
7
What is the thousands digit of 192340339?
0
What is the ten millions digit of 229844000?
2
What is the ten millions digit of 28259572?
2
What is the hundred millions digit of 659127533?
6
What is the thousands digit of 12133668?
3
What is the ten millions digit of 759267764?
5
What is the thousands digit of 345999236?
9
What is the billions digit of 1393474266?
1
What is the millions digit of 29511441?
9
What is the ten thousands digit of 132661163?
6
What is the millions digit of 303783868?
3
What is the tens digit of 6812498278?
7
What is the ten thousands digit of 9647759012?
5
What is the millions digit of 208244983?
8
What is the tens digit of 73103425?
2
What is the hundred thousands digit of 341356002?
3
What is the hundreds digit of 916443914?
9
What is the millions digit of 61117708?
1
What is the millions digit of 84358326?
4
What is the ten thousands digit of 268073275?
7
What is the hundred millions digit of 585769828?
5
What is the millions digit of 8859142?
8
What is th